 Let w be y(-6). Suppose c - 3*f = -0*c - 1, -w = -c - 5*f. Calculate the greatest common divisor of k and c.
8
Let r = 218 + -123. Let d = 122 - r. Calculate the greatest common factor of 27 and d.
27
Suppose 53*h - 1807 - 790 = 0. Calculate the greatest common factor of h and 3038.
49
Suppose -4*u = -4*n - 80, 2*u - n + 2*n = 34. Let i = u - -2. Let s(c) = -c**2 - 5*c + 1. Let b be s(-4). Calculate the highest common divisor of b and i.
5
Let h(z) = -29*z + 36. Let i be h(-9). What is the greatest common divisor of i and 27?
27
Suppose -492 = -3*a - 195. Let j = a + -62. Suppose 2*v = 35 + j. What is the highest common divisor of 4 and v?
4
Let v be (6 + -13 - 4)/(105/54 - 2). Let c be (-1)/(-4) - 87/(-4). Calculate the highest common divisor of v and c.
22
Let y be (-2)/(-4*2/(-40)). Let d be (-33)/(-6)*(0 - y). Let b = 9 - 4. What is the highest common divisor of b and d?
5
Let z(u) = u**3 + u**2 + 85. Let v be z(0). Let k = -7522 + 7539. What is the greatest common divisor of k and v?
17
Suppose 2*y + 3*s - 5 = 4, 2*s = -4*y + 14. Suppose 17 = y*z - 2*c, -50 = 4*z - 9*z - c. Calculate the greatest common factor of z and 6.
3
Let n = 69 - 34. Suppose -5*z + n = 5*a, -5 = a - 4*z + 8. Suppose 0 = x + x - l - 12, 3*x + a*l = 0. Calculate the highest common factor of x and 10.
2
Suppose 0 = -3*a + 231 + 507. Suppose 31*d = 34*d - a. What is the highest common divisor of d and 205?
41
Let k(w) = 5*w**2 - 3*w - 2. Let i be k(8). Suppose 2*d = -2*v + i, 0 = -0*v + 2*v + 3*d - 298. Let z = 5 + 8. What is the highest common factor of z and v?
13
Let l be 93*1*2/2. Suppose -5*s = -0*v + 2*v - l, s = -5*v + 175. Suppose -2*i + 3*r - 38 = -3*i, -v = -i - r. What is the highest common divisor of 80 and i?
16
Let f = 36 + -12. Let w = 10 - -20. Let n = w + -22. What is the highest common factor of f and n?
8
Suppose -481 + 1900 = 3*f. Calculate the highest common factor of 43 and f.
43
Suppose -d + 752 = -2*r, -6*d - 5*r - 3780 = -11*d. What is the greatest common factor of 60 and d?
20
Let n(x) = -x**3 - 17*x**2 + 39*x + 27. Let d(m) = -m**2 - 5*m + 5. Let i be d(3). Let v be n(i). Calculate the greatest common divisor of 72 and v.
8
Let u be (-1 - 87)/(4/(-2)). Suppose -x = -3*k + 22, -6 = -2*k + x + 4*x. Let b = k - 4. Calculate the highest common divisor of u and b.
4
Let h = 240 - 141. What is the greatest common factor of h and 407?
11
Let i = -1612 + 1662. Calculate the highest common divisor of 4 and i.
2
Let c(z) = 4*z + 7. Let r be c(-1). Suppose r*k + k - 20 = -2*a, 2*k = -4*a + 52. Suppose 0 = 4*b - 71 - 209. Calculate the highest common factor of a and b.
14
Let i = -3 + 3. Suppose 5*g - 974 + 314 = i. Calculate the highest common divisor of g and 24.
12
Let h = 50 - 48. Suppose h*z - 23 = -x, -4*z + 52 = -3*x - x. Suppose c = 6*c - 540. What is the greatest common factor of z and c?
12
Let f be (-18)/((-42)/7) - -8. What is the greatest common divisor of f and 143?
11
Let m = -58 - -82. Calculate the highest common factor of m and 168.
24
Suppose 5*o - 156 = 169. Let p be (o/(-15))/((-24)/(-9) - 3). Calculate the greatest common divisor of p and 39.
13
Let m = -39 + 42. Suppose -m - 15 = -3*z. What is the greatest common divisor of 54 and z?
6
Let k(d) = -1162*d + 1135*d - 25 - d**2 + 3*d**2. Let s be k(15). Calculate the highest common factor of 100 and s.
20
Suppose 0 = -5*q - 16 + 46. Let v(c) = c**2 - 7*c + 22. Let j be v(q). What is the highest common divisor of 112 and j?
16
Suppose -595 + 107 = -4*u. Calculate the highest common divisor of 61 and u.
61
Suppose -2*s = k - 12, 0 = -3*k + s - 2 + 3. Let o be k/4 - 12/(-8). Let p be -34*o*(-3)/12. Calculate the greatest common divisor of p and 153.
17
Suppose -m + 32 + 48 = 0. What is the highest common factor of 200 and m?
40
Let k(u) = -u**2 + 2. Let a be k(0). Suppose -z + a*w - 12 = -6*z, 0 = -2*z - 5*w + 9. Suppose -2*b = z - 38. What is the highest common divisor of 2 and b?
2
Let w be (-686)/(-18) + 43/(-387). Calculate the highest common factor of 76 and w.
38
Let y(z) = 27*z + 188. Let i be y(-6). What is the greatest common divisor of i and 806?
26
Suppose 15*m - 2895 = 615. What is the highest common factor of 24 and m?
6
Let l be -6 - (27/(-3))/3. Let s = l - 31. Let u be s*1*28/(-8). What is the greatest common divisor of 17 and u?
17
Let j = 29 + -19. Suppose f = 3*g - 125, 0 = -4*g + 2*g + f + 85. Calculate the highest common divisor of g and j.
10
Suppose 2*c = -2*i - c + 14, 5*i - 3*c = 56. Suppose 0 = -4*x + 5*x - 5. What is the greatest common factor of x and i?
5
Let f(x) = -3*x**2 + 40*x - 12. Let b be f(13). What is the highest common factor of b and 25?
1
Suppose 4*n + 6472 = 5*p, -p + 2*n = -2*p + 1286. What is the highest common factor of p and 68?
68
Suppose 9 - 134 = -5*x. Suppose 3*m = -2*m + x. Suppose 0 = -5*v + m*t + 45, -4*t - 8 = -2*v - 0. Calculate the greatest common factor of v and 70.
14
Let i(g) = -g**2 - 29*g + 32. Let r be i(-30). Suppose -4*b + 4*m + 900 = 0, 900 = r*b + 2*b + 5*m. Calculate the greatest common factor of b and 25.
25
Let d be (-1 - (-143)/3)*(-51)/(-34). Calculate the highest common divisor of 616 and d.
14
Let q = 7 - 6. Suppose -3*y + 38 + q = 0. Suppose 5*n + 5*c - c = 313, 0 = -3*n + 3*c + 204. What is the highest common factor of n and y?
13
Suppose -4*v = -6 - 146. Let r be 6*3 + 1 + 0. Let x be (3/3)/(1/r). Calculate the greatest common divisor of x and v.
19
Let a(l) = l - 3. Let b be a(7). Suppose o - 737 = -2*p, -b*p + 5*o + 1495 = -0*o. Suppose -p - 98 = -4*n. What is the highest common divisor of 13 and n?
13
Suppose -32 = 2*q + 28. Let u = -56 - -112. Let j = u + q. What is the highest common divisor of j and 156?
26
Let y(t) = 30*t + 5. Let h be y(5). Let x be ((-567)/14 + -6)/(3/(-4)). Let u be (x*-3)/(-6) - 0. Calculate the highest common factor of h and u.
31
Let c be 893 + -3 + (-12 - -10). What is the greatest common factor of 24 and c?
24
Suppose 5*z - 4 = 16. Let i be 2/z*(6 - 6). Let m be 4 + i/3 + -1. Calculate the greatest common factor of m and 6.
3
Suppose -4*h = 24*h - 112. Calculate the greatest common divisor of h and 172.
4
Suppose 0 = i - 2*i - 6. Let n be (20/3)/((-4)/i). Suppose 0 = t - 4*a - 10, 4*a - a + 4 = -t. Calculate the highest common factor of t and n.
2
Let f(w) = -7*w**2 - 3 - 11*w + 19*w**2 - 13*w**2. Let q be f(-10). Calculate the greatest common divisor of 49 and q.
7
Suppose -b = -5*q + 19, 3*q - 4*q = 4*b + 13. Suppose q*u = n + 37, -4*n + 40 = 4*u + 12. Calculate the highest common divisor of 44 and u.
11
Let w be 6/(-24)*-28 + 7. Calculate the highest common factor of w and 1694.
14
Let j = -107 + 110. Suppose 17*h + 3*z - 96 = 14*h, 2*z - 94 = -j*h. Calculate the greatest common divisor of 20 and h.
10
Suppose 7 = 4*u - 5*j, 0 = -5*u + 2*j + 26 + 4. What is the greatest common divisor of u and 296?
8
Suppose 5*z - 85 = -5. Let m be -4 - (7*-24)/2. Calculate the greatest common factor of z and m.
16
Suppose 0 = -z + 3*g - 9, -6 = -g - g. Suppose 0*j + 4*j = z. Suppose a + j*a - 304 = 0. What is the highest common divisor of a and 38?
38
Suppose 0 = 4*r - 25 - 15. Let s = 44 + -40. Calculate the highest common divisor of s and r.
2
Let f = 2 - 2. Let j(g) = -g**2 + 1. Let d be j(f). Suppose 16 = n - 3*w, -2 - 24 = -2*n + 4*w. Calculate the highest common factor of d and n.
1
Let q(u) = -u**3 + u**2 - u - 3. Let t be q(0). Let h be 10 + -1 + (t - -5). Let m = h - -6. Calculate the greatest common factor of m and 68.
17
Suppose y = 2*y - 8. Let a be (4/y)/((-1)/(-96)). Let l = 0 + 6. Calculate the greatest common factor of l and a.
6
Suppose -45*h + 48*h = 54. Let v be ((-6)/(-3 + 1))/1. Suppose a = -v*a + 72. Calculate the greatest common factor of a and h.
18
Let x be 17/3 - (-1)/3. Let l be 2/6 + 88/x. Calculate the greatest common factor of l and 15.
15
Suppose 0 = -2*j + 4*w + 84, -w = -0*j - j + 43. Calculate the greatest common factor of j and 352.
44
Let o(y) = -y**3 + 14*y**2 - 24*y + 5. Let x be o(12). Suppose 4*b + w = -w + 58, 0 = -x*b - w + 71. Calculate the greatest common factor of b and 14.
14
Suppose -9*c + 6*c = -5*l + 343, -3*c - 275 = -4*l. Calculate the greatest common factor of 119 and l.
17
Let l = 6 - 29. Let y = l - -32. Calculate the highest common di